late the remainder when 40519634 is divided by 93.
92
Calculate the remainder when 9547900 is divided by 2980.
2960
Calculate the remainder when 242130 is divided by 5268.
5070
Calculate the remainder when 404380 is divided by 147.
130
Calculate the remainder when 221983 is divided by 44351.
228
What is the remainder when 4175218 is divided by 2490?
1978
What is the remainder when 12049658 is divided by 6024828?
2
What is the remainder when 37116272 is divided by 12372073?
53
Calculate the remainder when 278904268 is divided by 199.
196
Calculate the remainder when 826343 is divided by 3516.
83
What is the remainder when 24072775 is divided by 4210?
4205
What is the remainder when 119639125 is divided by 481?
476
Calculate the remainder when 3421650 is divided by 85540.
50
Calculate the remainder when 130782 is divided by 298.
258
What is the remainder when 9586394 is divided by 1598?
1590
Calculate the remainder when 134897 is divided by 67438.
21
What is the remainder when 2445622 is divided by 17850?
172
What is the remainder when 10586067 is divided by 1323258?
3
Calculate the remainder when 1669060 is divided by 12272.
68
What is the remainder when 963604 is divided by 681?
670
Calculate the remainder when 58445853 is divided by 29222925.
3
Calculate the remainder when 170513704 is divided by 3.
1
Calculate the remainder when 43737741 is divided by 3463.
51
What is the remainder when 139292 is divided by 46308?
368
Calculate the remainder when 288067 is divided by 554.
541
What is the remainder when 45208 is divided by 14436?
1900
Calculate the remainder when 29529 is divided by 3479.
1697
Calculate the remainder when 82484 is divided by 82144.
340
Calculate the remainder when 17998447 is divided by 88.
71
Calculate the remainder when 165467 is divided by 11686.
1863
Calculate the remainder when 5419236 is divided by 1854.
1848
What is the remainder when 359980983 is divided by 4373?
4369
What is the remainder when 2207142 is divided by 441428?
2
Calculate the remainder when 4510271 is divided by 644285.
276
Calculate the remainder when 20406848 is divided by 816273.
23
What is the remainder when 152916 is divided by 3697?
1339
Calculate the remainder when 6215874 is divided by 1528.
1498
Calculate the remainder when 30320374 is divided by 880.
854
What is the remainder when 1069620 is divided by 454?
450
What is the remainder when 170447 is divided by 84993?
461
What is the remainder when 55497 is divided by 1067?
13
What is the remainder when 15642314 is divided by 61?
23
What is the remainder when 1951090 is divided by 171?
151
Calculate the remainder when 34443403 is divided by 1851.
1846
What is the remainder when 2721436 is divided by 781?
432
What is the remainder when 271825 is divided by 10443?
307
Calculate the remainder when 2094804 is divided by 9436.
12
What is the remainder when 530962 is divided by 587?
314
Calculate the remainder when 163837 is divided by 1887.
1555
What is the remainder when 138606 is divided by 13838?
226
Calculate the remainder when 73940718 is divided by 7.
5
What is the remainder when 1711124 is divided by 564?
512
What is the remainder when 2605801 is divided by 481?
224
Calculate the remainder when 230365607 is divided by 968.
967
What is the remainder when 313632 is divided by 80?
32
Calculate the remainder when 6896402 is divided by 542.
536
What is the remainder when 109599 is divided by 15441?
1512
What is the remainder when 1117878 is divided by 186301?
72
What is the remainder when 581030 is divided by 1171?
214
What is the remainder when 2664763 is divided by 666188?
11
Calculate the remainder when 376954 is divided by 180.
34
Calculate the remainder when 1863929 is divided by 1319.
182
Calculate the remainder when 306622 is divided by 1862.
1254
What is the remainder when 765906 is divided by 851?
6
Calculate the remainder when 87038465 is divided by 410.
385
What is the remainder when 283853720 is divided by 4359?
4358
What is the remainder when 2698875 is divided by 144?
27
Calculate the remainder when 70611675 is divided by 14.
1
Calculate the remainder when 31262627 is divided by 338.
331
Calculate the remainder when 1941536 is divided by 306.
272
What is the remainder when 89673 is divided by 222?
207
Calculate the remainder when 30375894 is divided by 4339412.
10
What is the remainder when 128785739 is divided by 4229?
2
Calculate the remainder when 810315519 is divided by 140.
139
Calculate the remainder when 305681 is divided by 148264.
9153
What is the remainder when 53800796 is divided by 10760158?
6
Calculate the remainder when 715929694 is divided by 581.
578
Calculate the remainder when 14050674 is divided by 1945.
1939
Calculate the remainder when 45493 is divided by 138.
91
What is the remainder when 20738 is divided by 1357?
383
What is the remainder when 1797863 is divided by 179778?
83
Calculate the remainder when 177278 is divided by 437.
293
What is the remainder when 466102753 is divided by 2327?
2326
What is the remainder when 4513130 is divided by 155?
150
Calculate the remainder when 65996889 is divided by 35.
14
What is the remainder when 3985112 is divided by 498128?
88
Calculate the remainder when 74449930 is divided by 125760.
10
What is the remainder when 577192 is divided by 115321?
587
Calculate the remainder when 1487168 is divided by 185.
138
What is the remainder when 30818 is divided by 1172?
346
What is the remainder when 354271 is divided by 3852?
3739
What is the remainder when 77875918 is divided by 3708377?
1
Calculate the remainder when 116544057 is divided by 82.
81
Calculate the remainder when 422332663 is divided by 34.
31
What is the remainder when 43331 is divided by 628?
627
What is the remainder when 4509716 is divided by 115?
106
What is the remainder when 800007 is divided by 1071?
1041
What is the remainder when 58471888 is divided by 3654493?
0
Calculate the remainder when 5165901 is divided by 5165871.
30
What is the remainder when 78736183 is divided by 6341?
6327
Calculate the remainder when 3142041 is divided by 3311.
3213
What is the remainder when 249189 is divided by 44?
17
What is the remainder when 6448035 is divided by 474?
213
Calculate the remainder when 26095 is divided by 26088.
7
Calculate the remainder when 116570204 is divided by 113.
82
What is the remainder when 3720177 is divided by 118?
109
Calculate the remainder when 17431 is divided by 1675.
681
Calculate the remainder when 33534421 is divided by 39.
37
Calculate the remainder when 1068381 is divided by 178060.
21
Calculate the remainder when 60486682 is divided by 641.
640
Calculate the remainder when 359679 is divided by 35912.
559
What is the remainder when 1765689663 is divided by 1336?
1335
What is the remainder when 19130229 is divided by 933?
930
Calculate the remainder when 6458250 is divided by 340.
290
Calculate the remainder when 689995 is divided by 3920.
75
What is the remainder when 2667594 is divided by 78455?
124
Calculate the remainder when 791842 is divided by 874.
872
Calculate the remainder when 275691 is divided by 20.
11
What is the remainder when 167883 is divided by 167779?
104
Calculate the remainder when 50226680 is divided by 71.
2
What is the remainder when 148693067 is divided by 414?
413
What is the remainder when 32398326 is divided by 647964?
126
Calculate the remainder when 1294019 is divided by 149.
103
Calculate the remainder when 655605 is divided by 1739.
2
Calculate the remainder when 67412472 is divided by 14.
8
Calculate the remainder when 71611 is divided by 23831.
118
What is the remainder when 6723871 is divided by 68?
31
What is the remainder when 1135123 is divided by 378353?
64
What is the remainder when 9060498 is divided by 250?
248
Calculate the remainder when 516085 is divided by 3424.
2485
Calculate the remainder when 829627 is divided by 364.
71
What is the remainder when 92032 is divided by 8435?
7682
What is the remainder when 171473 is divided by 39394?
13897
What is the remainder when 35843 is divided by 11247?
2102
Calculate the remainder when 450944 is divided by 8.
0
Calculate the remainder when 68840666 is divided by 68840662.
4
What is the remainder when 1963118 is divided by 22564?
50
What is the rema